f 44336 and 1793.
163
Calculate the highest common factor of 15225 and 4263.
609
Calculate the highest common divisor of 66 and 834.
6
Calculate the greatest common divisor of 139896 and 14.
2
What is the greatest common divisor of 1599 and 5526677?
533
Calculate the highest common divisor of 14 and 108654.
14
Calculate the highest common factor of 41718 and 54.
6
Calculate the greatest common factor of 19 and 1021763.
19
What is the highest common divisor of 29376 and 7200?
288
Calculate the highest common divisor of 273 and 5421.
39
Calculate the greatest common divisor of 11 and 520003.
11
Calculate the highest common divisor of 66092 and 1085.
31
What is the highest common factor of 624 and 744432?
624
Calculate the greatest common factor of 2 and 943918.
2
Calculate the greatest common divisor of 6 and 202992.
6
Calculate the highest common factor of 2354 and 154.
22
What is the greatest common factor of 258 and 1782608?
86
Calculate the highest common divisor of 21996 and 91.
13
Calculate the highest common divisor of 195 and 2640.
15
Calculate the highest common factor of 81082 and 1136.
142
Calculate the greatest common factor of 38740 and 156.
52
What is the highest common factor of 108 and 2172?
12
Calculate the highest common divisor of 33 and 65615.
11
Calculate the highest common divisor of 15 and 734210.
5
Calculate the highest common factor of 1136 and 3763.
71
What is the highest common factor of 854560 and 2080?
160
Calculate the greatest common factor of 46610 and 21330.
790
Calculate the greatest common divisor of 24 and 4936080.
24
Calculate the greatest common factor of 488448 and 128.
128
What is the greatest common factor of 63025 and 25?
25
What is the greatest common factor of 537170 and 30?
10
What is the highest common divisor of 30954 and 336?
42
What is the greatest common divisor of 448 and 4004?
28
Calculate the greatest common divisor of 41 and 177776.
41
What is the greatest common divisor of 18 and 283752?
18
What is the highest common factor of 100150 and 25?
25
What is the highest common divisor of 5824 and 15652?
364
Calculate the highest common factor of 247 and 1664.
13
Calculate the greatest common divisor of 164866 and 8398.
442
What is the greatest common divisor of 402 and 446287?
67
What is the highest common factor of 259650 and 750?
150
What is the highest common factor of 2518894 and 294?
98
Calculate the greatest common factor of 623721 and 126.
21
Calculate the highest common divisor of 134886 and 114.
6
Calculate the greatest common factor of 124 and 77.
1
Calculate the highest common divisor of 88 and 1978900.
44
What is the highest common divisor of 623812 and 28?
28
What is the highest common divisor of 55870 and 518?
74
What is the highest common factor of 6220 and 280?
20
What is the highest common factor of 7 and 2181767?
7
Calculate the highest common factor of 48 and 285672.
24
Calculate the greatest common divisor of 199392 and 48.
48
Calculate the greatest common factor of 24349 and 377.
13
What is the highest common factor of 4224 and 1874048?
1408
What is the greatest common divisor of 231 and 3423?
21
Calculate the highest common divisor of 4180 and 83710.
110
What is the greatest common factor of 3107 and 533?
13
Calculate the highest common divisor of 95505 and 75.
15
What is the greatest common divisor of 17100 and 108?
36
What is the highest common divisor of 13 and 593?
1
Calculate the highest common divisor of 37660 and 10.
10
What is the greatest common factor of 492 and 67527?
123
What is the highest common divisor of 392 and 6592?
8
Calculate the greatest common factor of 5456 and 8308.
124
What is the highest common factor of 80 and 25270?
10
What is the highest common factor of 429471 and 34?
17
What is the greatest common divisor of 338250 and 7150?
550
What is the greatest common factor of 61 and 818681?
61
What is the greatest common factor of 570 and 345?
15
Calculate the highest common divisor of 3215528 and 113.
113
Calculate the highest common factor of 1511844 and 204.
204
What is the highest common divisor of 1445 and 30056?
289
Calculate the greatest common factor of 21415 and 1250.
5
Calculate the highest common divisor of 110 and 103390.
10
Calculate the greatest common divisor of 6355608 and 42.
42
What is the highest common factor of 424772 and 412?
412
What is the greatest common divisor of 3133015 and 1271?
1271
What is the greatest common divisor of 830 and 1570?
10
Calculate the greatest common factor of 11218 and 25702.
142
What is the greatest common divisor of 9020 and 380?
20
Calculate the greatest common divisor of 2016 and 533568.
672
What is the greatest common factor of 2200 and 17516400?
2200
Calculate the greatest common divisor of 16525 and 12559.
661
Calculate the highest common factor of 3968 and 1835200.
1984
What is the greatest common factor of 17072 and 8896?
16
What is the highest common factor of 8477 and 8131?
173
Calculate the highest common factor of 166 and 189323.
83
What is the greatest common factor of 132 and 10056?
12
Calculate the highest common factor of 710 and 890.
10
What is the highest common divisor of 10137 and 22785?
93
Calculate the greatest common divisor of 156 and 40638.
78
Calculate the highest common divisor of 2607843 and 21.
21
Calculate the greatest common factor of 93 and 263.
1
What is the highest common factor of 7 and 16450?
7
Calculate the highest common divisor of 471867 and 1343.
79
Calculate the greatest common divisor of 393343 and 141.
47
Calculate the greatest common factor of 98 and 16016.
14
Calculate the highest common divisor of 3636 and 648.
36
What is the highest common divisor of 68 and 1196936?
68
Calculate the greatest common factor of 601301 and 219.
73
What is the highest common divisor of 2714 and 5037?
23
Calculate the highest common divisor of 220272 and 84.
12
Calculate the greatest common divisor of 31506 and 1335.
267
Calculate the highest common divisor of 1633 and 216905.
71
What is the highest common divisor of 42 and 16727?
1
Calculate the highest common divisor of 535 and 104539.
107
What is the greatest common factor of 65801 and 29?
29
What is the greatest common divisor of 96 and 149856?
96
What is the greatest common factor of 3364539 and 114?
57
Calculate the greatest common factor of 60 and 277580.
20
What is the greatest common factor of 1564 and 575276?
92
Calculate the highest common factor of 46314 and 1116.
558
Calculate the highest common divisor of 63 and 508221.
63
What is the highest common factor of 91311 and 66?
33
What is the greatest common factor of 41116 and 1843?
19
What is the highest common divisor of 9447 and 3243?
141
What is the greatest common factor of 72332 and 1712?
428
What is the highest common divisor of 35990 and 244?
122
What is the greatest common factor of 717863 and 107?
107
Calculate the greatest common divisor of 70 and 9772.
14
What is the highest common divisor of 35 and 605?
5
Calculate the highest common divisor of 2907 and 22610.
323
Calculate the highest common divisor of 538362 and 1683.
99
What is the highest common factor of 111 and 2474301?
111
What is the greatest common divisor of 3162 and 4386?
102
Calculate the highest common divisor of 42 and 134526.
42
Calculate the greatest common divisor of 43968 and 15.
3
Calculate the highest common factor of 900 and 18150.
150
Calculate the greatest common factor of 1795 and 115.
5
Calculate the greatest common divisor of 24490 and 28282.
158
Calculate the highest common divisor of 231568 and 8200.
328
Calculate the highest common divisor of 952 and 327607.
119
Calculate the highest common divisor of 64 and 44224.
64
What is the highest common factor of 453 and 40619?
151
Calculate the greatest common divisor of 513 and 52991.
19
What is the highest common factor of 83 and 319467?
83
Calculate the greatest common factor of 9196 and 86152.
484
What is the highest common factor of 323984 and 80?
16
What is the highest common divisor of 492 and 367368?
12
What is the greatest common divisor of 50 and 2424250?
50
Calculate the highest common factor of 8874 and 2448.
306
Calculate the highest common divisor of 13320 and 5254.
74
Calculate the greatest common divisor of 4288 and 927